[INFO] cloning repository https://github.com/ereichert/wlb
[INFO] running `Command { std: "git" "-c" "credential.helper=" "-c" "credential.helper=/workspace/cargo-home/bin/git-credential-null" "clone" "--bare" "https://github.com/ereichert/wlb" "/workspace/cache/git-repos/https%3A%2F%2Fgithub.com%2Fereichert%2Fwlb", kill_on_drop: false }`
[INFO] [stderr] Cloning into bare repository '/workspace/cache/git-repos/https%3A%2F%2Fgithub.com%2Fereichert%2Fwlb'...
[INFO] running `Command { std: "git" "rev-parse" "HEAD", kill_on_drop: false }`
[INFO] [stdout] 12874a742cf41f51235cfccb62cee017fefb0bf8
[INFO] checking ereichert/wlb against master#cfbc6d4cf1acbac5c025acf8ed68929caa551df3 for pr-75494-beta
[INFO] running `Command { std: "git" "clone" "/workspace/cache/git-repos/https%3A%2F%2Fgithub.com%2Fereichert%2Fwlb" "/workspace/builds/worker-8/source", kill_on_drop: false }`
[INFO] [stderr] Cloning into '/workspace/builds/worker-8/source'...
[INFO] [stderr] done.
[INFO] validating manifest of git repo https://github.com/ereichert/wlb on toolchain cfbc6d4cf1acbac5c025acf8ed68929caa551df3
[INFO] running `Command { std: "/workspace/cargo-home/bin/cargo" "+cfbc6d4cf1acbac5c025acf8ed68929caa551df3" "read-manifest" "--manifest-path" "Cargo.toml", kill_on_drop: false }`
[INFO] started tweaking git repo https://github.com/ereichert/wlb
[INFO] finished tweaking git repo https://github.com/ereichert/wlb
[INFO] tweaked toml for git repo https://github.com/ereichert/wlb written to /workspace/builds/worker-8/source/Cargo.toml
[INFO] crate git repo https://github.com/ereichert/wlb already has a lockfile, it will not be regenerated
[INFO] running `Command { std: "/workspace/cargo-home/bin/cargo" "+cfbc6d4cf1acbac5c025acf8ed68929caa551df3" "fetch" "--locked" "--manifest-path" "Cargo.toml", kill_on_drop: false }`
[INFO] [stderr]  Downloading crates ...
[INFO] [stderr]   Downloaded unsafe-any v0.4.1
[INFO] [stderr]   Downloaded router v0.4.0
[INFO] [stderr]   Downloaded inotify v0.2.3
[INFO] [stderr]   Downloaded fsevent-sys v0.1.5
[INFO] [stderr]   Downloaded mount v0.2.1
[INFO] [stderr]   Downloaded net2 v0.2.26
[INFO] [stderr]   Downloaded notify v2.6.3
[INFO] [stderr]   Downloaded handlebars-iron v0.18.0
[INFO] [stderr]   Downloaded traitobject v0.0.3
[INFO] [stderr]   Downloaded miow v0.1.3
[INFO] [stderr]   Downloaded hyper v0.9.10
[INFO] [stderr]   Downloaded regex-syntax v0.3.5
[INFO] [stderr]   Downloaded filetime v0.1.10
[INFO] [stderr]   Downloaded staticfile v0.3.0
[INFO] [stderr]   Downloaded matches v0.1.2
[INFO] [stderr]   Downloaded iron v0.4.0
[INFO] [stderr]   Downloaded tojson_macros v0.2.4
[INFO] [stderr]   Downloaded url v1.2.0
[INFO] [stderr]   Downloaded regex v0.1.77
[INFO] [stderr]   Downloaded sequence_trie v0.0.13
[INFO] [stderr]   Downloaded pest v0.3.3
[INFO] [stderr]   Downloaded libc v0.2.16
[INFO] [stderr]   Downloaded walkdir v0.1.8
[INFO] [stderr]   Downloaded handlebars v0.20.5
[INFO] [stderr]   Downloaded fsevent v0.2.15
[INFO] running `Command { std: "docker" "create" "-v" "/var/lib/crater-agent-workspace/builds/worker-8/target:/opt/rustwide/target:rw,Z" "-v" "/var/lib/crater-agent-workspace/builds/worker-8/source:/opt/rustwide/workdir:ro,Z" "-v" "/var/lib/crater-agent-workspace/cargo-home:/opt/rustwide/cargo-home:ro,Z" "-v" "/var/lib/crater-agent-workspace/rustup-home:/opt/rustwide/rustup-home:ro,Z" "-e" "SOURCE_DIR=/opt/rustwide/workdir" "-e" "CARGO_TARGET_DIR=/opt/rustwide/target" "-e" "CARGO_HOME=/opt/rustwide/cargo-home" "-e" "RUSTUP_HOME=/opt/rustwide/rustup-home" "-w" "/opt/rustwide/workdir" "-m" "1610612736" "--user" "0:0" "--network" "none" "rustops/crates-build-env@sha256:a636fd89d022f18117e1dc8fb37a0a009933cdbbe082814857f0e2024962d47c" "/opt/rustwide/cargo-home/bin/cargo" "+cfbc6d4cf1acbac5c025acf8ed68929caa551df3" "metadata" "--no-deps" "--format-version=1", kill_on_drop: false }`
[INFO] [stdout] 87131741a2a9e0778a6fa66861f7c0eb635d558e4d9b7b67ee1c165f57daa989
[INFO] [stderr] WARNING: Your kernel does not support swap limit capabilities or the cgroup is not mounted. Memory limited without swap.
[INFO] running `Command { std: "docker" "start" "-a" "87131741a2a9e0778a6fa66861f7c0eb635d558e4d9b7b67ee1c165f57daa989", kill_on_drop: false }`
[INFO] running `Command { std: "docker" "inspect" "87131741a2a9e0778a6fa66861f7c0eb635d558e4d9b7b67ee1c165f57daa989", kill_on_drop: false }`
[INFO] running `Command { std: "docker" "rm" "-f" "87131741a2a9e0778a6fa66861f7c0eb635d558e4d9b7b67ee1c165f57daa989", kill_on_drop: false }`
[INFO] [stdout] 87131741a2a9e0778a6fa66861f7c0eb635d558e4d9b7b67ee1c165f57daa989
[INFO] running `Command { std: "docker" "create" "-v" "/var/lib/crater-agent-workspace/builds/worker-8/target:/opt/rustwide/target:rw,Z" "-v" "/var/lib/crater-agent-workspace/builds/worker-8/source:/opt/rustwide/workdir:ro,Z" "-v" "/var/lib/crater-agent-workspace/cargo-home:/opt/rustwide/cargo-home:ro,Z" "-v" "/var/lib/crater-agent-workspace/rustup-home:/opt/rustwide/rustup-home:ro,Z" "-e" "SOURCE_DIR=/opt/rustwide/workdir" "-e" "CARGO_TARGET_DIR=/opt/rustwide/target" "-e" "CARGO_INCREMENTAL=0" "-e" "RUST_BACKTRACE=full" "-e" "RUSTFLAGS=--cap-lints=forbid" "-e" "CARGO_HOME=/opt/rustwide/cargo-home" "-e" "RUSTUP_HOME=/opt/rustwide/rustup-home" "-w" "/opt/rustwide/workdir" "-m" "1610612736" "--user" "0:0" "--network" "none" "rustops/crates-build-env@sha256:a636fd89d022f18117e1dc8fb37a0a009933cdbbe082814857f0e2024962d47c" "/opt/rustwide/cargo-home/bin/cargo" "+cfbc6d4cf1acbac5c025acf8ed68929caa551df3" "check" "--frozen" "--all" "--all-targets" "--message-format=json", kill_on_drop: false }`
[INFO] [stdout] de626c83c14350963875198acfded03196ac45f10247ab2f2628a960951ed9a9
[INFO] [stderr] WARNING: Your kernel does not support swap limit capabilities or the cgroup is not mounted. Memory limited without swap.
[INFO] running `Command { std: "docker" "start" "-a" "de626c83c14350963875198acfded03196ac45f10247ab2f2628a960951ed9a9", kill_on_drop: false }`
[INFO] [stderr]     Checking log v0.3.6
[INFO] [stderr]     Checking matches v0.1.2
[INFO] [stderr]     Checking traitobject v0.0.3
[INFO] [stderr]     Checking unicode-normalization v0.1.2
[INFO] [stderr]     Checking rustc-serialize v0.3.19
[INFO] [stderr]     Checking httparse v1.1.2
[INFO] [stderr]     Checking traitobject v0.0.1
[INFO] [stderr]     Checking regex-syntax v0.3.5
[INFO] [stderr]     Checking sequence_trie v0.0.13
[INFO] [stderr]     Checking quick-error v1.1.0
[INFO] [stderr]    Compiling tojson_macros v0.2.4
[INFO] [stderr]     Checking num_cpus v0.2.13
[INFO] [stderr]    Compiling ws2_32-sys v0.2.1
[INFO] [stderr]     Checking memchr v0.1.11
[INFO] [stdout] error[E0557]: feature has been removed
[INFO] [stdout]  --> /opt/rustwide/cargo-home/registry/src/github.com-1ecc6299db9ec823/tojson_macros-0.2.4/src/lib.rs:1:12
[INFO] [stdout]   |
[INFO] [stdout] 1 | #![feature(custom_derive, quote, plugin, plugin_registrar, rustc_private)]
[INFO] [stdout]   |            ^^^^^^^^^^^^^ feature has been removed
[INFO] [stdout]   |
[INFO] [stdout]   = note: subsumed by `#[proc_macro_derive]`
[INFO] [stdout] 
[INFO] [stdout] 
[INFO] [stdout] error[E0557]: feature has been removed
[INFO] [stdout]  --> /opt/rustwide/cargo-home/registry/src/github.com-1ecc6299db9ec823/tojson_macros-0.2.4/src/lib.rs:1:27
[INFO] [stdout]   |
[INFO] [stdout] 1 | #![feature(custom_derive, quote, plugin, plugin_registrar, rustc_private)]
[INFO] [stdout]   |                           ^^^^^ feature has been removed
[INFO] [stdout] 
[INFO] [stdout] 
[INFO] [stdout] error[E0463]: can't find crate for `rustc_plugin`
[INFO] [stdout]  --> /opt/rustwide/cargo-home/registry/src/github.com-1ecc6299db9ec823/tojson_macros-0.2.4/src/lib.rs:4:1
[INFO] [stdout]   |
[INFO] [stdout] 4 | extern crate rustc_plugin;
[INFO] [stdout]   | ^^^^^^^^^^^^^^^^^^^^^^^^^^ can't find crate
[INFO] [stdout] 
[INFO] [stdout] 
[INFO] [stdout] error: aborting due to 3 previous errors
[INFO] [stdout] 
[INFO] [stdout] 
[INFO] [stdout] Some errors have detailed explanations: E0463, E0557.
[INFO] [stdout] 
[INFO] [stdout] For more information about an error, try `rustc --explain E0463`.
[INFO] [stdout] 
[INFO] [stderr] error: could not compile `tojson_macros`.
[INFO] [stderr] 
[INFO] [stderr] To learn more, run the command again with --verbose.
[INFO] [stderr] warning: build failed, waiting for other jobs to finish...
[INFO] [stdout] error[E0642]: patterns aren't allowed in functions without bodies
[INFO] [stdout]    --> /opt/rustwide/cargo-home/registry/src/github.com-1ecc6299db9ec823/rustc-serialize-0.3.19/src/serialize.rs:147:45
[INFO] [stdout]     |
[INFO] [stdout] 147 | ...                   &f_name: &str,
[INFO] [stdout]     |                       ^^^^^^^ pattern not allowed in function without body
[INFO] [stdout] 
[INFO] [stdout] 
[INFO] [stdout] error: aborting due to previous error
[INFO] [stdout] 
[INFO] [stdout] 
[INFO] [stdout] For more information about this error, try `rustc --explain E0642`.
[INFO] [stdout] 
[INFO] [stderr] error: build failed
[INFO] running `Command { std: "docker" "inspect" "de626c83c14350963875198acfded03196ac45f10247ab2f2628a960951ed9a9", kill_on_drop: false }`
[INFO] running `Command { std: "docker" "rm" "-f" "de626c83c14350963875198acfded03196ac45f10247ab2f2628a960951ed9a9", kill_on_drop: false }`
[INFO] [stdout] de626c83c14350963875198acfded03196ac45f10247ab2f2628a960951ed9a9
